
75
Let a(j) = 2*j**3 + 19*j**2 - 132*j - 101. Give a(-14).
-17
Let q(c) = -9*c**2 - 371*c - 372. What is q(-1)?
-10
Let a(b) = -2*b**2 + 17*b - 98. Calculate a(6).
-68
Let h(c) = -78*c - 102. Determine h(-5).
288
Let i(f) = -771*f + 3058. Give i(4).
-26
Let k(q) = -765*q - 9910. What is k(-13)?
35
Let h(z) = 2*z**3 + 13*z**2 + 23*z + 89. Give h(-6).
-13
Let u(a) = 11*a**2 - 201*a + 55. Determine u(18).
1
Let l(g) = g**3 - 7*g**2 - 43*g + 11. Give l(-5).
-74
Let c(l) = -10*l**3 + 164*l**2 - 34*l - 491. Give c(16).
-11
Let q(z) = 27*z**2 - 310*z + 143. What is q(11)?
0
Let y(w) = -207*w - 2254. Give y(-11).
23
Let l(q) = -2*q**3 + 46*q**2 - 42*q - 73. Give l(22).
-29
Let m(v) = -330*v + 2675. Give m(8).
35
Let q(r) = r**3 + 8*r**2 - 152*r + 18. Give q(-17).
1
Let t(h) = -37*h + 18. What is t(-1)?
55
Let k(b) = b**2 - 18*b - 104. Give k(-6).
40
Let a(p) = -p**3 - 11*p**2 - 2*p - 30. Determine a(-8).
-206
Let w(k) = 9*k**2 + 119*k + 24. Give w(-13).
-2
Let f(z) = 2*z - 59. What is f(29)?
-1
Let c(p) = p**2 + 203*p - 4434. What is c(20)?
26
Let h(w) = -162*w - 11818. Determine h(-73).
8
Let z(u) = -431*u + 1318. What is z(3)?
25
Let b(a) = -97*a**2 - 2429*a - 44. Give b(-25).
56
Let s(i) = 5442*i - 48970. Give s(9).
8
Let p(j) = -4*j**3 + 24*j**2 - 13*j + 67. Determine p(6).
-11
Let w(s) = s**2 - 76*s - 1409. Give w(-16).
63
Let q(n) = -n**3 + 34*n**2 + 16*n - 219. Calculate q(34).
325
Let w(l) = -15*l**2 - 5*l + 10. Calculate w(3).
-140
Let x(n) = -n**3 - 18*n**2 - 38*n + 110. What is x(-14)?
-142
Let b(y) = 93*y - 895. Give b(10).
35
Let y(r) = -2*r**3 - 14*r**2 + 15*r - 14. Determine y(-7).
-119
Let p(c) = c**3 - 39*c**2 + 51*c - 105. Calculate p(37).
-956
Let j(q) = q**2 + 7*q + 18. What is j(-6)?
12
Let d(v) = 2*v**3 - 20*v**2 - 3*v + 17. Determine d(10).
-13
Let r(i) = 17*i**2 + 1514*i + 111. Give r(-89).
22
Let b(y) = -3*y**2 + 14*y - 14. Determine b(1).
-3
Let g(v) = 755*v + 60. Calculate g(0).
60
Let j(h) = -17*h - 31. What is j(5)?
-116
Let q(n) = -n**2 + 138*n - 1167. Give q(9).
-6
Let l(u) = -14*u**2 + 25*u + 23. Calculate l(-2).
-83
Let i(w) = -w**3 + 22*w**2 - 50*w - 48. What is i(20)?
-248
Let z(o) = o**2 - 428. What is z(-20)?
-28
Let j(c) = 113*c**3 - c**2 - 2*c + 2. Calculate j(1).
112
Let u(a) = -a**2 + 154*a - 4332. Calculate u(37).
-3
Let y(f) = -f**2 - 2*f + 145. Determine y(11).
2
Let x(t) = -8*t - 75. Calculate x(8).
-139
Let i(l) = l**3 - 17*l**2 - 27*l + 40. Give i(19).
249
Let t(c) = -2*c**2 + 267*c - 458. Give t(132).
-62
Let f(b) = 5*b**3 + 30*b**2 - b + 31. Determine f(-7).
-207
Let y(g) = g**3 + g**2 + 2*g - 1. What is y(2)?
15
Let z(c) = 10*c**3 + c**2 - 4*c - 1. What is z(2)?
75
Let p(b) = -19*b**3 - 5*b + 3. Give p(1).
-21
Let h(k) = 480*k + 1611. What is h(-3)?
171
Let s(z) = -z**3 - 22*z**2 + 138*z + 92. Calculate s(-27).
11
Let x(c) = c**3 + 3*c**2 - 369*c - 2103. Give x(-6).
3
Let y(q) = q**2 + 29*q - 51. What is y(-37)?
245
Let j(f) = -f**3 - 6*f**2 + 41*f + 77. What is j(-5)?
-153
Let p(l) = l**3 - 13*l**2 - 115*l + 1234. Determine p(8).
-6
Let j(n) = -355*n - 15359. Give j(-43).
-94
Let q(j) = 4*j**2 + 70*j + 52. Give q(-17).
18
Let t(i) = 272*i - 814. What is t(3)?
2
Let y(s) = s**2 + 13*s - 193. Determine y(8).
-25
Let u(o) = -413*o - 7435. Determine u(-18).
-1
Let q(l) = -l**3 + 13*l**2 - 36*l + 155. Give q(11).
1
Let s(x) = 15443*x + 138989. What is s(-9)?
2
Let o(w) = -915*w + 18314. Determine o(20).
14
Let j(m) = -2*m**3 + 45*m**2 - 23*m + 28. Determine j(22).
6
Let c(i) = 14*i**2 - 48*i - 63. What is c(7)?
287
Let i(v) = 174*v + 17918. What is i(-103)?
-4
Let z(n) = 121*n - 91. Calculate z(0).
-91
Let w(d) = -41*d + 2494. What is w(66)?
-212
Let r(m) = -m**3 + 99*m**2 - 4*m + 254. What is r(99)?
-142
Let j(c) = 29*c**2 - 3333*c - 317. Determine j(115).
-87
Let i(f) = f**3 + 32*f**2 - 126*f + 649. Calculate i(-36).
1
Let t(s) = s**3 - 15*s**2 - 37*s + 13. What is t(16)?
-323
Let a(q) = -q**3 + 19*q**2 + 72*q - 171. Give a(22).
-39
Let a(b) = -8*b**2 + 1219*b + 764. Give a(153).
-1
Let q(o) = -372*o + 2605. Give q(7).
1
Let y(z) = -z**2 - 70*z - 685. Determine y(-57).
56
Let p(w) = 2*w**3 + 22*w**2 + 38*w + 149. Determine p(-10).
-31
Let z(j) = j**3 + 9*j**2 + 8*j + 311. Determine z(0).
311
Let t(k) = 52*k + 762. What is t(-15)?
-18
Let l(x) = x**3 + 100*x**2 - 3*x - 326. Determine l(-100).
-26
Let w(v) = -2*v**3 - 60*v**2 + 67*v + 121. What is w(-31)?
-34
Let z(x) = 25*x + 795. Determine z(-42).
-255
Let b(q) = -q**3 - 24*q**2 - 102*q - 54. Give b(-20).
386
Let p(i) = 1416*i - 26898. Calculate p(19).
6
Let c(m) = -2*m**3 - 17*m**2 + 16*m + 56. Give c(-9).
-7
Let c(d) = -5*d**3 - 2*d**2 - 6*d - 9. Give c(-1).
0
Let z(b) = -b**2 - 101*b - 2387. Give z(-62).
31
Let w(l) = l**3 - 14*l**2 + 6*l + 88. What is w(13)?
-3
Let x(c) = -c**2 - 27*c + 271. Determine x(11).
-147
Let d(c) = 3*c**3 - 15*c**2 + 7*c - 1. Calculate d(7).
342
Let d(p) = 77*p + 751. Calculate d(-10).
-19
Let u(t) = -186*t**3 + 4*t**2 + 15*t + 11. Calculate u(-1).
186
Let n(x) = 5*x**2 + 52*x - 1. What is n(0)?
-1
Let t(v) = 9*v + 548. What is t(-37)?
215
Let f(l) = 211*l + 1248. Give f(-6).
-18
Let b(s) = -46*s + 1210. Calculate b(26).
14
Let z(c) = -2*c**2 + 25*c + 128. What is z(16)?
16
Let v(k) = 5*k**3 + 824*k**2 - 164*k + 160. Calculate v(-165).
-5
Let y(s) = 2*s**2 - 38*s + 149. Calculate y(4).
29
Let b(o) = -10*o**3 - o**2 - 2*o - 12. Determine b(3).
-297
Let c(d) = -d**2 + d + 65. Calculate c(-12).
-91
Let q(k) = -4*k**3 + 42*k**2 + 16*k + 56. Determine q(11).
-10
Let w(a) = a**2 + 49*a + 130. Determine w(-45).
-50
Let a(q) = 579*q + 6615. What is a(-11)?
246
Let v(o) = 2085*o + 2082. Give v(-1).
-3
Let u(z) = 3*z**2 - 436*z - 2200. Calculate u(-5).
55
Let r(f) = -19*f**2 - 153*f - 26. What is r(-8)?
-18
Let f(m) = m**3 + 11*m**2 + 14*m - 4. Calculate f(-11).
-158
Let g(y) = y**3 + 24*y**2 + 36*y + 224. What is g(-23)?
-75
Let b(a) = 24*a - 84. Calculate b(7).
84
Let y(n) = n**2 + 11*n + 7. Determine y(-12).
19
Let g(t) = t**3 + 32*t**2 + 142*t + 36. Calculate g(-5).
1
Let v(j) = -30*j + 203. Determine v(7).
-7
Let a(z) = 33*z - 427. What is a(10)?
-97
Let r(z) = z**3 - 7*z**2 + 13*z - 7. Give r(5).
8
Let f(k) = k**2 + 19*k - 11. Calculate f(-12).
-95
Let b(u) = -u**3 + u**2 + 20*u + 7. Calculate b(-6).
139
Let b(l) = 2*l**3 - 4*l**2 - 16*l + 1. Give b(6).
193
Let s(f) = 51*f**2 - 2*f - 2. Calculate s(-1).
51
Let u(o) = 425*o + 442. Determine u(-1).
17
Let k(d) = -d**3 + 22*d**2 - 3*d - 403. Calculate k(21).
-25
Let l(c) = -594*c + 10688. Calculate l(18).
-4
Let h(s) = -89*s - 686. What is h(-8)?
26
Let r(y) = -12*y**2 - 135*y + 68. Calculate r(-12).
-40
Let r(h) = -10*h - 16. Determine r(9).
-106
Let j(o) = o**3 - 16*o**2 + 26*o + 24. Calculate j(14).
-4
Let u(n) = -104*n - 8825. Determine u(-85).
15
Let n(z) = z**3 + 25*z**2 - 115*z + 1050. Calculate n(-30).
0
Let k(n) = -n**3 - 10*n**2 + 4*n + 81. What is k(-6)?
-87
Let k(g) = -6*g**2 - 53*g + 71. What is k(-7)?
148
Let x(r) = 62*r - 249. What is x(3)?
-63
Let p(u) = u**2 + 16311*u - 16310. Determine p(1).
2
Let z(s) = -s**2 + 108*s + 809. Calculate z(-7).
4
Let t(g) = 189*g + 197. What is t(-1)?
8
Let s(t) = -3*t**3 - 30*t**2 - 28*t - 337. What is s(-10)?
-57
Let u(t) = t**3 + 72*t**2 - 73*t - 159. Give u(-73).
-159
Let j(s) = s**2 + 41*s + 357. What is j(-25)?
-43
Let j(q) = -6*q**2 + 126*q - 127. Determine j(1).
-7
Let b(f) = 15*f**3 - 3*f**2 + 6*f - 2. Determine b(2).
118
Let a(z) = -z**3 + 28*z**2 - 70*z + 2894. Calculate a(29).
23
Let u(i) = 629*i**2 - 1220*i + 3. Give u(2).
79
Let n(t) = -t**3 + 18*t**2 - 89*t + 101. What is n(11)?
-31
Let w(v) = 48*v - 975. Calculate w(24).
177
Let a(o) = -757*o + 16657. Determine a(22).
3
Let k(l) = 366*l + 1240. What is k(-3)?
142
Let d(o) = -7324*o + 124510. Give d(17).
2
Let g(z) = 106*z - 1490. Determine g(14).
-6
Let i(a) = -420*a + 4200. What is i(10)?
0
Let q(c) = -2*c**3 + 111*c**2 - 43*c - 695. What is q(55)?
-35
Let m(b) = 409*b - 1226. Determine m(3).
1
Let v(x) = 2*x**3 - 98*x**2 - 118*x + 902. Calculate v(50).
2
Let u(a) = -a**2 + 19*a + 931. Calculate u(41).
29
Let t(u) = u**2 + 43*u - 106. Give t(-44).
-62
Let x(v) = -21394*v - 21403. Calculate x(-1).
-9
Let w(f) = 12*f**2 - 92*f - 24. Determine w(8).
8
Let z(s) = 2